e?
False
Let u(q) = q**3 + 2*q**2 - 77*q - 13. Is u(12) a composite number?
True
Let c(f) = 26 - 11 - 12 + 8*f. Is c(7) composite?
False
Suppose m + v = 6*v + 1363, -6 = 2*v. Suppose 0*k = -4*k + m. Is k a composite number?
False
Let j = -31 + 30. Is ((4 - 1484) + 3)/j a composite number?
True
Let b be ((-9)/6 + -1)*54/(-15). Suppose -4*z = 3*o - b*z - 659, -4*o + 888 = -2*z. Is o composite?
False
Let k = 161 - 94. Suppose -3*a = -5*q - 246, 0*q + q = 3*a - 54. Let t = k + q. Is t a composite number?
False
Let x = 84 + 875. Is x composite?
True
Let p be (-1567)/7 + (-1)/7. Let h be (p/35)/((-1)/5). Suppose 0 = -4*x + 548 + h. Is x a composite number?
True
Suppose 2*k + 3634 = -3*v + 28375, 3*k + 41254 = 5*v. Is v prime?
False
Suppose 5*w + 69 = 3*k + 5472, -k - 4*w = 1801. Is (2 - -1)*(k/(-3) - 0) composite?
False
Let c(f) = -9*f**3 - 2*f**2 - 2. Suppose -4*h = -2*h - 2*v - 16, -5*v = 10. Let j be (-3)/h - 5/2. Is c(j) a composite number?
False
Suppose -4*l = -3*u + 371, 3*u + 430 = l - 6*l. Suppose -k - z + 779 = 3*k, 0 = -k + z + 196. Let y = k + l. Is y a composite number?
True
Let j(t) = -2*t - 4. Let y be j(-3). Let q(m) = 29*m**3 + 2*m**2 - 3*m + 3. Let w be q(y). Suppose 3*c + w = 4*c + 5*k, 3*c - 2*k - 779 = 0. Is c prime?
True
Let o(t) = 3*t - 4865. Let a(c) = 2*c - 2433. Let s(l) = -5*a(l) + 2*o(l). Is s(0) a composite number?
True
Let z(i) = 440*i**3 + i. Let c be z(1). Let h be (11022/(-198))/((-2)/(-6)). Let r = h + c. Is r composite?
True
Is 0*(-4)/28 + -2 + 2205 prime?
True
Let j be (23920/32)/(1/14). Suppose 3060 = 5*v - j. Is v composite?
True
Let t = 2636 - 699. Is t a prime number?
False
Let k be 2 - 30/(-3) - 2. Let z(c) = -c + 13. Let a be z(k). Suppose l - 3*d - 74 = d, -297 = -a*l - 3*d. Is l a prime number?
False
Let p be (-5)/15 + (-194)/(-6). Suppose -5*i + 1886 = -4*c - p, -4*i = 2*c - 1550. Is i a prime number?
False
Let b(h) = 6*h**3 - 6*h**2 - 2*h - 1. Let r be b(-8). Let d = -1888 - r. Is d a composite number?
False
Let p(u) = -u - 2*u - 11 - 2*u + 24. Is p(-8) composite?
False
Suppose -3*g - 9*d = -8*d - 88705, 3*g - 2*d - 88693 = 0. Is g a prime number?
True
Let i(j) = 201*j - 46. Let b(d) = -803*d + 183. Let o(z) = 2*b(z) + 9*i(z). Is o(17) composite?
True
Suppose 1079 = 3*u + 2*l - 834, -4*u = 4*l - 2556. Suppose 0 = 3*d + 7 + 11. Is u/2 + (-9)/d composite?
True
Suppose 2*q - 179 + 848 = -5*v, -4*v = -3*q + 526. Let n = 397 - 211. Let t = n + v. Is t prime?
True
Let a(n) = 7*n**2 + 17*n + 74. Is a(17) composite?
True
Suppose -r + 3*d - 319 = 6*d, 5*r = -3*d - 1631. Let p = r + 915. Is p composite?
False
Let y(t) = -t**3 + 13*t**2 - 13. Let i be y(6). Suppose -28*v = -27*v - i. Is v prime?
True
Suppose -2*a + 8 = -2*r, a - 3 = 3*r + 1. Suppose r = -2*j + 25 + 427. Is j prime?
False
Suppose 3*n + 3*i - 16 = -2*i, 18 = 4*n + 5*i. Suppose 4*o - 1266 = -n*s, 5*s + o + o = 3157. Is s a prime number?
True
Suppose 2*n + 3 = 7. Suppose -14 = n*v - 4*x, 0*x - 2 = -2*v - 4*x. Is ((-46)/v)/(6/27) prime?
False
Let p = 694 + 307. Suppose -6*q - p = -3011. Is q prime?
False
Suppose 0 = -4*p + 3*l + 17, 5*p - 45 = 4*l - 5*l. Let j(u) = -62*u - 18. Let y be j(p). Let z = y + 737. Is z composite?
False
Let m be ((-2152)/(-10))/(8/20). Is (0 - 0) + 3 + m composite?
False
Let n(h) be the second derivative of h**5/20 - h**4/3 - 5*h**3/6 - 3*h**2/2 + 7*h. Let i be n(5). Let f(g) = -2*g**3 + 4*g**2 + 2*g + 1. Is f(i) a prime number?
False
Let u(r) = 13*r**2 - 45*r - 8. Is u(10) a composite number?
True
Let t(h) = 61*h**2 + h - 3. Let n be t(2). Let i = 536 + -378. Let o = n - i. Is o prime?
False
Let c = -35 - -35. Is -4 - -336 - (c - 3) composite?
True
Let r = -25 - -28. Suppose -1 = -4*f + r. Is 377 - 1/f - 3 composite?
False
Suppose -6*i - 605 = -4*i - 3*a, 0 = -4*i + a - 1195. Suppose -321 = 5*v + 199. Let j = v - i. Is j prime?
False
Suppose -5*i + 71989 = -4*q, -2*i + 5*q + 20590 + 8192 = 0. Is i prime?
True
Let j be 0/2*((-3)/9)/1. Suppose w - 4*w - h = -3449, -2*w + 2*h + 2310 = j. Is w prime?
True
Let u(j) = -52*j**3 - 11*j**2 + 9*j + 14. Let k(m) = -17*m**3 - 4*m**2 + 3*m + 5. Let h(v) = -11*k(v) + 4*u(v). Let w be (-6)/(-3) + (1 - 5). Is h(w) composite?
False
Suppose 0*u = 4*u - 1528. Let q = 418 + u. Suppose 195 = m - 4*w, w + q = 4*m + 5*w. Is m a composite number?
False
Let i be 2/(-4 + (-83)/(-9) + -5). Let y(o) = -o**2 + 6*o - 5. Let f be y(5). Suppose f = 13*c - i*c - 556. Is c prime?
True
Let f = -31 + 35. Suppose 0*s - z = -2*s + 498, -4*s - f*z = -1020. Is s composite?
False
Let u(i) = -142*i - 14. Let l be (4/(32/18))/(6/(-16)). Is u(l) a composite number?
True
Suppose -5*f - 26 - 44 = 0. Let p = 120 + f. Let n = p + -29. Is n prime?
False
Let h be (-44)/6*(-39)/26. Let b(w) = w + 33 + 9*w + 2*w - 10. Is b(h) composite?
True
Let f(i) = -i**3 + 9*i**2 - 6*i + 4. Let p be f(10). Let b = -87 - -356. Let s = p + b. Is s a composite number?
False
Suppose 0 = -13*a + 22*a + 117. Is 23/2*(33 - a) a composite number?
True
Suppose -6*m = -3*g - 2*m + 18, -4*m = 0. Is (388/g)/(40/60) composite?
False
Suppose -z - 3*g = 3*z - 48, 5*g - 10 = -2*z. Suppose 4*k - z = -7. Suppose 0 = 3*w + k*w + 5*a - 495, 4*w - 5*a - 360 = 0. Is w composite?
True
Let b = -617 + 1334. Suppose 4*t + u + 2*u = b, -165 = -t + 4*u. Is t a prime number?
False
Let n(l) = l - 9. Let b be n(15). Is (819/b - -2)/(3/30) a prime number?
False
Let s = -1810 - -3811. Let d = 2994 - s. Is d a prime number?
False
Let n(v) = 2*v**3 - 28*v**2 + 97*v - 39. Is n(22) a composite number?
False
Suppose 10*b - b - 17433 = 0. Is b a composite number?
True
Suppose 2 = -b + 6*b - r, r = 2*b + 1. Let m(i) = 199*i**3 - i**2 + 2*i - 6 - 56*i**3 + 5 + 0. Is m(b) a composite number?
True
Let t = -6 - -11. Suppose 0 = -t*y + j + 6718, -y + 498 = 5*j - 830. Is y composite?
True
Suppose 25 = 5*q + 3*o, 5*q - 3*o = -o + 25. Suppose -q*y + 4*y + 19 = 0. Is y prime?
True
Let q = -57 + 61. Suppose 2*c = q*c - 68. Is c a prime number?
False
Let l = 26 - 22. Suppose 3*i + 0*i = l*x - 6, 0 = 2*i + 4*x - 16. Suppose -3*d + 31 = -i*d. Is d composite?
False
Let a(c) = -17*c**3 + 5*c**2 + 4*c - 10. Is a(-3) prime?
False
Let p be (2 - (-839)/(-6)) + 6/(-36). Let m = 221 + p. Is m a composite number?
False
Let v = 26 + -18. Let t(b) = 52*b - 3. Is t(v) a composite number?
True
Let f(c) = c**3 + 14*c**2 + 11. Let h be f(-14). Let t = h + 29. Suppose 3*l - t = 1583. Is l composite?
False
Let n be 4/(-10)*(-10 + 5). Let u be (0 + (2 - 2))/n. Suppose 2*m + l - 238 = u, 3*m - 119 = 2*m - 4*l. Is m a prime number?
False
Let i = 1096 - -3983. Is i a composite number?
True
Let t(z) = -z**3 - 22*z**2 + 23*z + 9. Let x be t(-23). Is (-11)/((2/3)/((-42)/x)) prime?
False
Let u(v) = 5*v - 9. Let a be u(6). Let m = -19 + a. Suppose -1 - 66 = -q + 4*z, -4*q + m*z + 268 = 0. Is q a prime number?
True
Suppose 56412 = 5*c - 3*c. Is ((-1)/3)/((-6)/c) a composite number?
False
Suppose -3*j + 0 + 2 = -p, j = -4*p - 47. Let i be 2 - p - (-1)/(-1). Is 3*(-2)/(i/(-898)) composite?
False
Suppose 46 = 2*o - 0*o. Let c = -23 + o. Suppose c = 32*x - 28*x - 572. Is x composite?
True
Let v = 9840 + -449. Is v prime?
True
Suppose 5*x - 20 = 0, 0 = 4*k - 4*x + 20 + 4. Let h be (-1)/k*4 + 536. Suppose 466 + h = 2*g. Is g prime?
False
Let s(w) = 323*w + 155. Is s(28) composite?
False
Let i = -1515 + 2182. Let m = -390 + i. Let s = m - -520. Is s a prime number?
True
Let i be 1557 - (-4)/((-12)/(-15)). Is 6 + i/5 + 3/5 prime?
False
Let c = 38928 - 20233. Is c a composite number?
True
Let i be (7 + 3)/((-4)/(-28)). Let m be (-4)/2 + 0 + 1. Let u = m + i. Is u prime?
False
Let l = -32 + 28. Let v be 216/28 - l/14. Let p(w) = w**3 - 3*w**2 + 8*w + 7. Is p(v) a composite number?
True
Suppose -983 = -5*r - 3*y, 5*r - 1236 + 221 = 5*y. Let w = r - 110. Is w a prime number?
True
Let x be 0 - ((-1)/(-3) + (-270)/81). Suppose 944 = -0*i + 4*i. Is i/x + 3/9 a prime number?
True
Let s = 91 + -94. Is 3/((-48)/(-14) + s) prime?
True
Let v(y) = 251*y**2. Let j be v(1). Suppose -93 = 2*r - j. Suppose -2*w - r = -3*w. Is w composite?
False
Let n(u) = 2905*u - 6. Suppose 16 = 12*i + 4. Is n(i) a composite number?
True
Suppose 0*v + 15 = 5*v, -3*v + 15 = 3*k. Suppose -1524 = -2*u - k*u. Is u a composite number?
True
Suppose -s = 2*a - 